{"id":542,"date":"2024-08-14T16:51:49","date_gmt":"2024-08-14T14:51:49","guid":{"rendered":"https:\/\/asonog.hn\/?page_id=542"},"modified":"2024-08-21T05:52:13","modified_gmt":"2024-08-21T03:52:13","slug":"elementor-542","status":"publish","type":"page","link":"https:\/\/asonog.hn\/index.php\/elementor-542\/","title":{"rendered":"Elementor #542"},"content":{"rendered":"\t\t<div data-elementor-type=\"wp-page\" data-elementor-id=\"542\" class=\"elementor elementor-542\">\n\t\t\t\t<div class=\"elementor-element elementor-element-d6d27aa e-flex e-con-boxed wpr-particle-no wpr-jarallax-no wpr-parallax-no wpr-sticky-section-no wpr-equal-height-no e-con e-parent\" data-id=\"d6d27aa\" data-element_type=\"container\" data-e-type=\"container\">\n\t\t\t\t\t<div class=\"e-con-inner\">\n\t\t\t\t<div class=\"elementor-element elementor-element-3c89506 elementor-widget elementor-widget-html\" data-id=\"3c89506\" data-element_type=\"widget\" data-e-type=\"widget\" data-widget_type=\"html.default\">\n\t\t\t\t<div class=\"elementor-widget-container\">\n\t\t\t\t\t<!DOCTYPE html>\n<html lang=\"es\">\n<head>\n    <meta charset=\"UTF-8\">\n    <meta name=\"viewport\" content=\"width=device-width, initial-scale=1.0\">\n    <title>Proyectos en Ejecuci\u00f3n - ASONOG<\/title>\n    <link rel=\"stylesheet\" href=\"https:\/\/cdnjs.cloudflare.com\/ajax\/libs\/animate.css\/4.1.1\/animate.min.css\"\/>\n    <style>\n        body {\n            font-family: Arial, sans-serif;\n            background-color: #f4f4f4;\n            margin: 0;\n            padding: 0;\n        }\n        header {\n            background-color: #003366;\n            color: #fff;\n            text-align: center;\n            padding: 1em 0;\n        }\n        .container {\n            width: 80%;\n            margin: 2em auto;\n        }\n        .project-card {\n            background-color: #fff;\n            border-radius: 8px;\n            box-shadow: 0 4px 8px rgba(0,0,0,0.1);\n            margin-bottom: 2em;\n            overflow: hidden;\n            transition: transform 0.3s ease;\n        }\n        .project-card:hover {\n            transform: translateY(-10px);\n        }\n        .project-image {\n            width: 100%;\n            height: 200px;\n            object-fit: cover;\n        }\n        .project-content {\n            padding: 1em;\n        }\n        .project-title {\n            font-size: 1.5em;\n            margin-bottom: 0.5em;\n            color: #003366;\n        }\n        .project-description {\n            font-size: 1em;\n            color: #333;\n            margin-bottom: 1em;\n        }\n        .learn-more {\n            color: #003366;\n            text-decoration: none;\n            font-weight: bold;\n            transition: color 0.3s ease;\n        }\n        .learn-more:hover {\n            color: #0099cc;\n        }\n        .animate-title {\n            animation: bounceInDown 1s;\n        }\n        .animate-description {\n            animation: fadeIn 2s;\n        }\n    <\/style>\n<\/head>\n<body>\n\n    <header>\n        <h1 class=\"animate__animated animate__fadeInDown\">Proyectos en Ejecuci\u00f3n<\/h1>\n    <\/header>\n\n    <div class=\"container\">\n        <!-- Project 1 -->\n        <div class=\"project-card animate__animated animate__fadeInUp\">\n            <img decoding=\"async\" src=\"proyecto1.jpg\" alt=\"Programa de becas\" class=\"project-image\">\n            <div class=\"project-content\">\n                <h2 class=\"project-title animate-title\">Programa de becas para j\u00f3venes desfavorecidos y j\u00f3venes l\u00edderes en Honduras<\/h2>\n                <p class=\"project-description animate-description\">Este proyecto busca brindar oportunidades educativas a j\u00f3venes desfavorecidos y l\u00edderes emergentes en Honduras.<\/p>\n                <a href=\"#\" class=\"learn-more\">Leer m\u00e1s<\/a>\n            <\/div>\n        <\/div>\n\n        <!-- Project 2 -->\n        <div class=\"project-card animate__animated animate__fadeInUp animate__delay-1s\">\n            <img decoding=\"async\" src=\"proyecto2.jpg\" alt=\"Tejiendo redes\" class=\"project-image\">\n            <div class=\"project-content\">\n                <h2 class=\"project-title animate-title\">Tejiendo redes: ni\u00f1as, ni\u00f1os, adolescentes, j\u00f3venes y mujeres articulando acciones por la defensa de sus derechos humanos<\/h2>\n                <p class=\"project-description animate-description\">Este proyecto fomenta la articulaci\u00f3n y el empoderamiento de grupos vulnerables para la defensa de sus derechos.<\/p>\n                <a href=\"#\" class=\"learn-more\">Leer m\u00e1s<\/a>\n            <\/div>\n        <\/div>\n\n        <!-- Project 3 -->\n        <div class=\"project-card animate__animated animate__fadeInUp animate__delay-2s\">\n            <img decoding=\"async\" src=\"proyecto3.jpg\" alt=\"Promoci\u00f3n de la Defensa de los Derechos Humanos\" class=\"project-image\">\n            <div class=\"project-content\">\n                <h2 class=\"project-title animate-title\">Promoci\u00f3n de la Defensa de los Derechos Humanos en Honduras (ADHA)<\/h2>\n                <p class=\"project-description animate-description\">Un esfuerzo para fortalecer la defensa de los derechos humanos en comunidades vulnerables de Honduras.<\/p>\n                <a href=\"#\" class=\"learn-more\">Leer m\u00e1s<\/a>\n            <\/div>\n        <\/div>\n\n        <!-- Additional Projects -->\n        <div class=\"project-card animate__animated animate__fadeInUp animate__delay-3s\">\n            <img decoding=\"async\" src=\"proyecto4.jpg\" alt=\"Colaboraci\u00f3n de Medios Clim\u00e1ticos\" class=\"project-image\">\n            <div class=\"project-content\">\n                <h2 class=\"project-title animate-title\">Colaboraci\u00f3n de Medios Clim\u00e1ticos para la Justicia Econ\u00f3mica y los Derechos Comunitarios<\/h2>\n                <p class=\"project-description animate-description\">Este proyecto busca abordar la justicia clim\u00e1tica a trav\u00e9s de la colaboraci\u00f3n medi\u00e1tica y el fortalecimiento de los derechos comunitarios.<\/p>\n                <a href=\"#\" class=\"learn-more\">Leer m\u00e1s<\/a>\n            <\/div>\n        <\/div>\n\n        <div class=\"project-card animate__animated animate__fadeInUp animate__delay-4s\">\n            <img decoding=\"async\" src=\"proyecto5.jpg\" alt=\"Empoderamiento econ\u00f3mico\" class=\"project-image\">\n            <div class=\"project-content\">\n                <h2 class=\"project-title animate-title\">Promoviendo el empoderamiento econ\u00f3mico y la justicia social en el Occidente de Honduras<\/h2>\n                <p class=\"project-description animate-description\">Un proyecto centrado en fortalecer las capacidades econ\u00f3micas y promover la justicia social en comunidades del occidente de Honduras.<\/p>\n                <a href=\"#\" class=\"learn-more\">Leer m\u00e1s<\/a>\n            <\/div>\n        <\/div>\n\n        <div class=\"project-card animate__animated animate__fadeInUp animate__delay-5s\">\n            <img decoding=\"async\" src=\"proyecto6.jpg\" alt=\"Incidencia Ante la Crisis Migratoria\" class=\"project-image\">\n            <div class=\"project-content\">\n                <h2 class=\"project-title animate-title\">Incidencia Ante la Crisis Migratoria en Honduras<\/h2>\n                <p class=\"project-description animate-description\">Un proyecto que trabaja en la incidencia pol\u00edtica para abordar la crisis migratoria en Honduras.<\/p>\n                <a href=\"#\" class=\"learn-more\">Leer m\u00e1s<\/a>\n            <\/div>\n        <\/div>\n\n        <!-- Continue to add more projects in the same format -->\n        \n        <!-- Project 7 -->\n        <div class=\"project-card animate__animated animate__fadeInUp animate__delay-6s\">\n            <img decoding=\"async\" src=\"proyecto7.jpg\" alt=\"Fortalecimiento de la Rendici\u00f3n de Cuentas\" class=\"project-image\">\n            <div class=\"project-content\">\n                <h2 class=\"project-title animate-title\">Fortalecimiento de la Rendici\u00f3n de Cuentas P\u00fablica y la Participaci\u00f3n Ciudadana en Honduras<\/h2>\n                <p class=\"project-description animate-description\">Un proyecto enfocado en la transparencia gubernamental y la participaci\u00f3n ciudadana en la toma de decisiones en Honduras.<\/p>\n                <a href=\"#\" class=\"learn-more\">Leer m\u00e1s<\/a>\n            <\/div>\n        <\/div>\n\n        <!-- Project 8 -->\n        <div class=\"project-card animate__animated animate__fadeInUp animate__delay-7s\">\n            <img decoding=\"async\" src=\"proyecto8.jpg\" alt=\"Construcci\u00f3n de Resiliencia\" class=\"project-image\">\n            <div class=\"project-content\">\n                <h2 class=\"project-title animate-title\">Construcci\u00f3n de Resiliencia en comunidades del occidente de Honduras<\/h2>\n                <p class=\"project-description animate-description\">Este proyecto busca fortalecer la capacidad de las comunidades para resistir y recuperarse ante desastres.<\/p>\n                <a href=\"#\" class=\"learn-more\">Leer m\u00e1s<\/a>\n            <\/div>\n        <\/div>\n\n        <!-- Project 9 -->\n        <div class=\"project-card animate__animated animate__fadeInUp animate__delay-8s\">\n            <img decoding=\"async\" src=\"proyecto9.jpg\" alt=\"Promoci\u00f3n y Protecci\u00f3n de Derechos Humanos\" class=\"project-image\">\n            <div class=\"project-content\">\n                <h2 class=\"project-title animate-title\">Promoci\u00f3n y Protecci\u00f3n de Derechos Humanos<\/h2>\n                <p class=\"project-description animate-description\">Un proyecto integral que busca proteger y promover los derechos humanos en diferentes comunidades de Honduras.<\/p>\n                <a href=\"#\" class=\"learn-more\">Leer m\u00e1s<\/a>\n            <\/div>\n        <\/div>\n\n        <!-- Project 10 -->\n        <div class=\"project-card animate__animated animate__fadeInUp animate__delay-9s\">\n            <img decoding=\"async\" src=\"proyecto10.jpg\" alt=\"Justicia Ecol\u00f3gica\" class=\"project-image\">\n            <div class=\"project-content\">\n                <h2 class=\"project-title animate-title\">Justicia ecol\u00f3gica con enfoque de G\u00e9nero e Inclusi\u00f3n: Personas defensoras de DDHH son protegidas, fortalecen sus capacidades y exigen sus derechos con equidad de g\u00e9nero e inclusi\u00f3n<\/h2>\n                <p class=\"project-description animate-description\">Este proyecto busca integrar la justicia ecol\u00f3gica con la equidad de g\u00e9nero y la inclusi\u00f3n social.<\/p>\n                <a href=\"#\" class=\"learn-more\">Leer m\u00e1s<\/a>\n            <\/div>\n        <\/div>\n\n        <!-- Project 11 -->\n        <div class=\"project-card animate__animated animate__fadeInUp animate__delay-10s\">\n            <img decoding=\"async\" src=\"proyecto11.jpg\" alt=\"Respuesta humanitaria\" class=\"project-image\">\n            <div class=\"project-content\">\n                <h2 class=\"project-title animate-title\">Respuesta humanitaria a poblaci\u00f3n ind\u00edgena y mujeres, afectadas por desastres en el departamento de Yoro, Honduras<\/h2>\n                <p class=\"project-description animate-description\">Un proyecto que aborda la respuesta humanitaria ante desastres naturales, especialmente enfocado en mujeres ind\u00edgenas.<\/p>\n                <a href=\"#\" class=\"learn-more\">Leer m\u00e1s<\/a>\n            <\/div>\n        <\/div>\n\n        <!-- Continue with the remaining projects in the same format -->\n\n    <\/div>\n\n<\/body>\n<\/html>\n\t\t\t\t<\/div>\n\t\t\t\t<\/div>\n\t\t\t\t\t<\/div>\n\t\t\t\t<\/div>\n\t\t\t\t<\/div>\n\t\t","protected":false},"excerpt":{"rendered":"<p>Proyectos en Ejecuci\u00f3n Programa de becas para j\u00f3venes desfavorecidos y j\u00f3venes l\u00edderes en Honduras Este proyecto busca brindar oportunidades educativas a j\u00f3venes desfavorecidos y l\u00edderes emergentes en Honduras. Leer m\u00e1s Tejiendo redes: ni\u00f1as, ni\u00f1os, adolescentes, j\u00f3venes y mujeres articulando acciones por la defensa de sus derechos humanos Este proyecto fomenta la articulaci\u00f3n y el empoderamiento de grupos vulnerables para la defensa de sus derechos. Leer m\u00e1s Promoci\u00f3n de la Defensa de los Derechos Humanos en Honduras (ADHA) Un esfuerzo para fortalecer la defensa de los derechos humanos en comunidades vulnerables de Honduras. Leer m\u00e1s Colaboraci\u00f3n de Medios Clim\u00e1ticos para la Justicia Econ\u00f3mica y los Derechos Comunitarios Este proyecto busca abordar la justicia clim\u00e1tica a trav\u00e9s de la colaboraci\u00f3n medi\u00e1tica y el fortalecimiento de los derechos comunitarios. Leer m\u00e1s Promoviendo el empoderamiento econ\u00f3mico y la justicia social en el Occidente de Honduras Un proyecto centrado en fortalecer las capacidades econ\u00f3micas y promover la justicia social en comunidades del occidente de Honduras. Leer m\u00e1s Incidencia Ante la Crisis Migratoria en Honduras Un proyecto que trabaja en la incidencia pol\u00edtica para abordar la crisis migratoria en Honduras. Leer m\u00e1s Fortalecimiento de la Rendici\u00f3n de Cuentas P\u00fablica y la Participaci\u00f3n Ciudadana en Honduras Un proyecto enfocado en la transparencia gubernamental y la participaci\u00f3n ciudadana en la toma de decisiones en Honduras. Leer m\u00e1s Construcci\u00f3n de Resiliencia en comunidades del occidente de Honduras Este proyecto busca fortalecer la capacidad de las comunidades para resistir y recuperarse ante desastres. Leer m\u00e1s Promoci\u00f3n y Protecci\u00f3n de Derechos Humanos Un proyecto integral que busca proteger y promover los derechos humanos en diferentes comunidades de Honduras. Leer m\u00e1s Justicia ecol\u00f3gica con enfoque de G\u00e9nero e Inclusi\u00f3n: Personas defensoras de DDHH son protegidas, fortalecen sus capacidades y exigen sus derechos con equidad de g\u00e9nero e inclusi\u00f3n Este proyecto busca integrar la justicia ecol\u00f3gica con la equidad de g\u00e9nero y la inclusi\u00f3n social. Leer m\u00e1s Respuesta humanitaria a poblaci\u00f3n ind\u00edgena y mujeres, afectadas por desastres en el departamento de Yoro, Honduras Un proyecto que aborda la respuesta humanitaria ante desastres naturales, especialmente enfocado en mujeres ind\u00edgenas. Leer m\u00e1s Bienvenue dans la boutique en ligne de\u00a0r\u00e9pliques de montres\u00a0de haute qualit\u00e9, achetez les meilleures r\u00e9pliques de montres en FR. 3K factory At\u00a0bestnewwatches.co.uk\u00a0the High-Quality replica watches uk for the best price on fake watch website.<\/p>\n","protected":false},"author":2,"featured_media":0,"parent":0,"menu_order":0,"comment_status":"closed","ping_status":"open","template":"","meta":{"om_disable_all_campaigns":false,"_monsterinsights_skip_tracking":false,"_monsterinsights_sitenote_active":false,"_monsterinsights_sitenote_note":"","_monsterinsights_sitenote_category":0,"footnotes":""},"class_list":["post-542","page","type-page","status-publish","hentry"],"aioseo_notices":[],"_links":{"self":[{"href":"https:\/\/asonog.hn\/index.php\/wp-json\/wp\/v2\/pages\/542","targetHints":{"allow":["GET"]}}],"collection":[{"href":"https:\/\/asonog.hn\/index.php\/wp-json\/wp\/v2\/pages"}],"about":[{"href":"https:\/\/asonog.hn\/index.php\/wp-json\/wp\/v2\/types\/page"}],"author":[{"embeddable":true,"href":"https:\/\/asonog.hn\/index.php\/wp-json\/wp\/v2\/users\/2"}],"replies":[{"embeddable":true,"href":"https:\/\/asonog.hn\/index.php\/wp-json\/wp\/v2\/comments?post=542"}],"version-history":[{"count":5,"href":"https:\/\/asonog.hn\/index.php\/wp-json\/wp\/v2\/pages\/542\/revisions"}],"predecessor-version":[{"id":649,"href":"https:\/\/asonog.hn\/index.php\/wp-json\/wp\/v2\/pages\/542\/revisions\/649"}],"wp:attachment":[{"href":"https:\/\/asonog.hn\/index.php\/wp-json\/wp\/v2\/media?parent=542"}],"curies":[{"name":"wp","href":"https:\/\/api.w.org\/{rel}","templated":true}]}}